{"id":259,"date":"2012-05-25T16:08:50","date_gmt":"2012-05-25T15:08:50","guid":{"rendered":"http:\/\/www.intz.de\/?page_id=259"},"modified":"2020-01-24T13:12:46","modified_gmt":"2020-01-24T12:12:46","slug":"angebote","status":"publish","type":"page","link":"https:\/\/www.jugendhaus-neuenstadt.de\/?page_id=259","title":{"rendered":"Angebote"},"content":{"rendered":"<p><strong>Jugendb\u00fcro im Jugendhaus:<\/strong><\/p>\n<p>Du wei\u00dft nicht genau, wie du eine Bewerbung schreiben sollst? Du hast kein Internet und willst dich online bewerben? Du steckst in finanziellen Schwierigkeiten und wei\u00dft nicht weiter? Du brauchst Hilfe beim Ausf\u00fcllen eines Antrags?<\/p>\n<p>Komm einfach w\u00e4hrend der \u00d6ffnungszeiten im Jugendhaus vorbei- wir helfen dir oder wissen jemanden, der dir helfen kann!<\/p>\n","protected":false},"excerpt":{"rendered":"<p>Jugendb\u00fcro im Jugendhaus: Du wei\u00dft nicht genau, wie du eine Bewerbung schreiben sollst? Du hast kein Internet und willst dich online bewerben? Du steckst in finanziellen Schwierigkeiten und wei\u00dft nicht weiter? Du brauchst Hilfe beim Ausf\u00fcllen eines Antrags? Komm einfach w\u00e4hrend der \u00d6ffnungszeiten im Jugendhaus vorbei- wir helfen dir oder wissen jemanden, der dir helfen &hellip;<\/p>\n","protected":false},"author":1,"featured_media":0,"parent":47,"menu_order":0,"comment_status":"closed","ping_status":"open","template":"","meta":{"footnotes":"","_links_to":"","_links_to_target":""},"class_list":["post-259","page","type-page","status-publish","hentry"],"_links":{"self":[{"href":"https:\/\/www.jugendhaus-neuenstadt.de\/index.php?rest_route=\/wp\/v2\/pages\/259","targetHints":{"allow":["GET"]}}],"collection":[{"href":"https:\/\/www.jugendhaus-neuenstadt.de\/index.php?rest_route=\/wp\/v2\/pages"}],"about":[{"href":"https:\/\/www.jugendhaus-neuenstadt.de\/index.php?rest_route=\/wp\/v2\/types\/page"}],"author":[{"embeddable":true,"href":"https:\/\/www.jugendhaus-neuenstadt.de\/index.php?rest_route=\/wp\/v2\/users\/1"}],"replies":[{"embeddable":true,"href":"https:\/\/www.jugendhaus-neuenstadt.de\/index.php?rest_route=%2Fwp%2Fv2%2Fcomments&post=259"}],"version-history":[{"count":11,"href":"https:\/\/www.jugendhaus-neuenstadt.de\/index.php?rest_route=\/wp\/v2\/pages\/259\/revisions"}],"predecessor-version":[{"id":976,"href":"https:\/\/www.jugendhaus-neuenstadt.de\/index.php?rest_route=\/wp\/v2\/pages\/259\/revisions\/976"}],"up":[{"embeddable":true,"href":"https:\/\/www.jugendhaus-neuenstadt.de\/index.php?rest_route=\/wp\/v2\/pages\/47"}],"wp:attachment":[{"href":"https:\/\/www.jugendhaus-neuenstadt.de\/index.php?rest_route=%2Fwp%2Fv2%2Fmedia&parent=259"}],"curies":[{"name":"wp","href":"https:\/\/api.w.org\/{rel}","templated":true}]}}